p) = -p**2 + 9*p + 13. Let z be j(5). Suppose c = 5*q - 375, -z = -q + 4*c + 23. What is the tens digit of q?
7
Suppose -30*v + 25*v = -2130. What is the units digit of v?
6
Let j = 735 - 136. What is the units digit of j?
9
Suppose 4*x = -3*p + 278, -2*p - 286 = -4*x - p. Let b = x + 1. What is the units digit of b?
2
Let t(s) = -s**3 + 4*s**2 - s - 12. Let h be t(4). Let c = 20 - h. What is the tens digit of c?
3
Suppose 2*f - 2 = -2*j + 4*f, -3*j = 5*f - 11. Suppose -17 = j*y - 71. Suppose 333 = 5*a - y. What is the units digit of a?
2
Suppose -72 = -4*g + 2*t, -3*g + 3*t + 23 = -2*g. Suppose 0 = -2*m + g + 13. Suppose 9*z - 4*z - m = 0. What is the units digit of z?
3
Let t(o) = 5*o**2 - 5*o - 3. What is the hundreds digit of t(9)?
3
Let y = -9 - -17. Let b(w) = -2*w**2 + 12*w - 6. Let n be b(y). Let m = n - -62. What is the units digit of m?
4
Let p = -1546 - -3650. What is the tens digit of p?
0
Suppose -20 = -4*s + 8*s. Let c be 3/(-6)*4 - -36. Let t = c + s. What is the units digit of t?
9
Let d = 168 - 96. Suppose -2*s + 395 = 5*w, w - d = -0*s + s. What is the units digit of w?
7
What is the hundreds digit of (186/15)/(14/280)?
2
Let f = 2 + 2. Suppose 30 = -g + f*g. Suppose 11*v - 10*v - g = 0. What is the units digit of v?
0
Suppose -316*k + 315*k - 29 = 0. Suppose -2*a - 2*a = 248. Let y = k - a. What is the units digit of y?
3
Let j be (-60)/(1 - 5) + (-4 - 1). Let v(w) = -w**3 + 3*w + 3. Let l be v(-2). Suppose 2*q + m = 62 - j, 0 = 4*q + l*m - 98. What is the units digit of q?
7
Suppose 5*x = 5*t - 15930, -t = -0*x + 3*x - 3194. What is the tens digit of t?
8
Let l(v) = 2*v**3 + 3*v**2 - 4*v + 8. What is the hundreds digit of l(5)?
3
Let b(w) = -2 - 8 - 1 + w**2 + 2 - 9*w. What is the tens digit of b(13)?
4
Let k be -25 + 8 - 0/(-2). Let r = k + 20. Suppose 2*q = 2*b + 14, r*q + 4*b = 2*b + 41. What is the tens digit of q?
1
Suppose 5*w + 14 = -6. Let x be (-1 - (-21 - w)) + -4. Let i = x + -11. What is the units digit of i?
1
Suppose 0 = -4*x + 53 + 99. Let b be (-152)/(-57) + (-2)/3 - -30. Suppose j = b + x. What is the tens digit of j?
7
Suppose -1 = 4*r + q - 4, -5*r - 3*q = 5. Let z(y) be the third derivative of 23*y**4/24 + y**3/6 - 4*y**2 - 10. What is the units digit of z(r)?
7
Let u(j) = -270*j - 4. Let m be u(-1). Suppose m + 438 = 2*c. What is the hundreds digit of c?
3
Let r be 4/5*(-15)/(-6). Suppose -4*x + r*x + 2 = 0. Suppose x = 3*s - t - 153, 3*s - 184 = -5*t. What is the tens digit of s?
5
Let s be 10/40 + -1 + (-3)/(-4). Suppose -572 = -2*b + 4*w, 0 = 3*b - s*w + 4*w - 828. What is the hundreds digit of b?
2
Let h = 10 + 18. Let w = h + 50. What is the tens digit of w?
7
Let w = 67 + 55. What is the tens digit of w?
2
Let j = 50 + -107. Let b = j - -74. What is the tens digit of b?
1
Let k be 8/(-5)*14825/(-10). What is the units digit of k/12 + -4 + 6/(-9)?
3
Suppose 241392 = 110*l - 16*l. What is the thousands digit of l?
2
Suppose -3*v + 18 = -3*d, -2*v + 13 = -4*d + d. Suppose n - 4*q - 218 = 0, -v*n - 3*q = -3*n - 436. What is the tens digit of n?
1
Let l = 20 + -10. Let h = l - 7. Suppose 38 = -2*d + h*d. What is the units digit of d?
8
Let j = -868 + 1223. Suppose q - j = -2*x, 2*q + 529 = 13*x - 10*x. What is the tens digit of x?
7
Let c(l) = -3*l + l + l**2 + l - 2 + 4. Let p be c(0). Suppose -38 = -2*h - p*o, 2*o - 30 = -5*h + 53. What is the units digit of h?
5
Let w be (168/20)/((-1)/(-5)). Let o be ((-2)/(-3))/(4/w). Let y(i) = 3*i + 1. What is the units digit of y(o)?
2
Let o(w) = 10*w**3 - 2*w**2 + 1. Let p be 20/11 - (-4)/22. Suppose 3*c - p = 1. What is the units digit of o(c)?
9
Let o = 10 - 7. Suppose 3 = -3*k, o*i - k - 123 - 10 = 0. What is the units digit of i?
4
Let n = -3910 + 8832. What is the tens digit of n?
2
Suppose 0 = -5*n, i + 205*n = 203*n + 2626. What is the hundreds digit of i?
6
Let s(z) = z - 1. Let p(l) = -l**3 - 7*l**2 + 3*l - 8. Let h(a) = p(a) - 5*s(a). What is the tens digit of h(-7)?
1
Let y(z) = -4*z**2 + 49 - 59 - 11*z + 3*z - 2*z**3. What is the tens digit of y(-4)?
8
Let d be (-234)/(-13) + 5*-1. What is the hundreds digit of (-1)/(13/(-2)) - (-1909)/d?
1
Let h = 745 + -408. What is the hundreds digit of h?
3
Suppose 4*c + 6298 = 2*s, 127*s - 132*s + 15756 = c. What is the units digit of s?
1
Let c = -23 - -27. Suppose -c*p = b - 0*b - 345, -1068 = -3*b - p. What is the units digit of b/12 - 2/(-8)?
0
Let h(z) = -z**3 + 2*z**2 + 5*z - 26. What is the units digit of h(-6)?
2
Suppose -2*h = -5*v + 1569, 267 = 3*v - 2*h - 672. What is the hundreds digit of v?
3
Suppose -206 = -2*c - 2*k, 0 = 5*c + 2*k - 129 - 377. What is the hundreds digit of c?
1
Suppose -16*z = -25*z + 19665. What is the hundreds digit of z?
1
Suppose -p - 2*p = 4*z - 389, -p - 4*z + 119 = 0. What is the units digit of p?
5
What is the units digit of (8/5)/(2/15)?
2
Suppose 0 = -9*h + 8*h + 51. Let j = h - -8. What is the tens digit of j?
5
Let a be 1*-2*(-11)/11. Let r(t) = 0*t**2 + t**3 - 2 + 44 + 2*t**2 + 0*t**a. What is the tens digit of r(0)?
4
Suppose 2*b - 3*b + 2 = 0. Suppose b*t = 12 - 2. Suppose 4*j = 101 - t. What is the units digit of j?
4
Let v be (-2*7/28)/(1/396). Let l = -95 - v. What is the tens digit of l?
0
Suppose 0*r + 621 = 2*r - s, 0 = -3*r + 5*s + 921. Let y = -187 + r. What is the tens digit of y?
2
Suppose -3*y + 4160 = 2*g, 3*g + 2*y - 2466 - 3774 = 0. Suppose 13*a = 3*a + g. What is the hundreds digit of a?
2
Suppose -50*r - 23 = -49*r. Let z = 150 + r. What is the hundreds digit of z?
1
Let d = -172 + 347. What is the hundreds digit of d?
1
Let l(g) = 18*g**3 - 5*g**2 + 4*g + 2. Let z = 65 + -63. What is the units digit of l(z)?
4
Suppose 18*t - 22*t + 820 = 0. What is the units digit of t?
5
Let l(y) = -472*y - 101. What is the hundreds digit of l(-3)?
3
Suppose q = -2*f + 21, 2*f - 15 = -3*f. Suppose 0 = q*h - 18*h + 783. What is the tens digit of h?
6
Let s = -23 + 19. Let i(q) = 7*q**2 + 4*q + 9. What is the units digit of i(s)?
5
Let z = 13 - 11. What is the units digit of 12/4 - (1 - z)?
4
Suppose 3 = -3*b + 3*g, 6 = 3*b - 6*b + 4*g. Suppose -4*i + 3*f = b*f - 29, 4*f + 14 = -i. What is the units digit of -1 + 2 - (i + -6)?
1
Let n(u) = 2*u**2 - 10*u - u**2 + 7*u - 7 + 2. Suppose 0 = -3*c + 2*c + 5. What is the units digit of n(c)?
5
Suppose 4*v + 1 = i, 1 = -v + 6. Suppose i*r = 11*r + 440. What is the tens digit of r?
4
Let r = 189 + -382. Let u = r + 338. What is the hundreds digit of u?
1
Let d = -712 + 5424. What is the units digit of d?
2
Let c = 13 + -10. Let q be -24*(6/(-4))/c. What is the tens digit of 17/(-102) - (-638)/q?
5
Let g = 855 - -4311. What is the units digit of g?
6
Let c(y) = 3*y - 4. Let q be (2 + (-9 - 1))/(-2). Suppose 3*n + x = 4*n - 6, -5*n = -q*x - 33. What is the tens digit of c(n)?
2
Let a = -592 + 1439. What is the units digit of a?
7
What is the units digit of (-2)/16*(-3652 + 108)?
3
Suppose -3 - 5 = -4*z, -7 = -3*h + z. Let f = -8 + 8. Suppose f*t = -h*t + r + 48, 5*r = -t + 16. What is the units digit of t?
6
Let h(j) be the second derivative of j**5/20 + 7*j**4/12 - j**3/3 - 11*j**2/2 - 6*j. What is the tens digit of h(-6)?
3
Let d be (6/(-8))/(26/(-8) - -3). What is the units digit of (d/2)/((-3)/(-14))?
7
Let p = 87 - 74. Suppose p*r - 1446 = 7*r. What is the tens digit of r?
4
Let a = -169 - -368. Suppose -141 = -4*m + a. What is the units digit of m?
5
Let m(q) be the first derivative of q**4/3 - 5*q**3/3 + 3*q - 8. Let w(d) be the first derivative of m(d). What is the units digit of w(4)?
4
Suppose 0 = 6*k - 9*k + 852. What is the units digit of k?
4
Let u = 1803 + -1208. What is the units digit of u?
5
Let b = -1185 + 2973. What is the thousands digit of b?
1
Let u(l) = 303*l + 432. Let r(b) = -19*b - 27. Let o(k) = 33*r(k) + 2*u(k). What is the units digit of o(-10)?
3
Let j be (5 - (-1920)/88) + 4/22. Suppose -3*f + 41 + j = u, f = -2*u + 26. What is the tens digit of f?
2
Suppose -2*d = -3*u - 10, -3*u = -3*d + 7*d - 2. What is the units digit of (790/(-15))/((4/(-3))/d)?
9
Let m(u) = u**3 - 6*u**2 + 14*u - 36. What is the tens digit of m(10)?
0
Let u(n) be the third derivative of n**4/3 + 5*n**3/6 + 3*n**2. Let x be u(9). Let d = x - 40. What is the units digit of d?
7
Let u(t) = -t**2 - 10*t + 32. Let y be u(-